of 7068291?
2
What is the units digit of 146128?
8
What is the units digit of 5737332?
2
What is the ten millions digit of 10203022?
1
What is the hundred thousands digit of 2022138?
0
What is the ten thousands digit of 68381?
6
What is the thousands digit of 1040165?
0
What is the hundreds digit of 13103099?
0
What is the tens digit of 271192?
9
What is the ten thousands digit of 2339622?
3
What is the units digit of 341586?
6
What is the ten millions digit of 19175558?
1
What is the tens digit of 382178?
7
What is the hundreds digit of 16296126?
1
What is the tens digit of 245373?
7
What is the units digit of 8802008?
8
What is the thousands digit of 1080299?
0
What is the units digit of 4527265?
5
What is the hundred thousands digit of 1163795?
1
What is the hundreds digit of 112363?
3
What is the units digit of 95714?
4
What is the hundreds digit of 1633272?
2
What is the thousands digit of 2191700?
1
What is the ten thousands digit of 6193010?
9
What is the ten thousands digit of 354450?
5
What is the ten millions digit of 20834462?
2
What is the units digit of 434409?
9
What is the millions digit of 9997217?
9
What is the units digit of 218831?
1
What is the hundred thousands digit of 2450101?
4
What is the ten thousands digit of 1102223?
0
What is the units digit of 153920?
0
What is the tens digit of 11796910?
1
What is the millions digit of 10667322?
0
What is the tens digit of 2976924?
2
What is the tens digit of 3864067?
6
What is the thousands digit of 5162822?
2
What is the thousands digit of 1208612?
8
What is the tens digit of 215756?
5
What is the ten thousands digit of 265635?
6
What is the units digit of 120452?
2
What is the hundreds digit of 1941198?
1
What is the hundred thousands digit of 234591?
2
What is the hundreds digit of 209024?
0
What is the thousands digit of 129746?
9
What is the hundred thousands digit of 133976?
1
What is the ten thousands digit of 518831?
1
What is the thousands digit of 180087?
0
What is the units digit of 520512?
2
What is the hundreds digit of 176623?
6
What is the hundred thousands digit of 3438353?
4
What is the units digit of 1154583?
3
What is the units digit of 603523?
3
What is the tens digit of 720697?
9
What is the hundred thousands digit of 2689670?
6
What is the hundred thousands digit of 826206?
8
What is the hundreds digit of 16526915?
9
What is the hundred thousands digit of 10061336?
0
What is the hundred thousands digit of 2181416?
1
What is the units digit of 2945982?
2
What is the ten thousands digit of 89148?
8
What is the ten thousands digit of 3198044?
9
What is the millions digit of 5506470?
5
What is the millions digit of 1940453?
1
What is the hundreds digit of 134063?
0
What is the hundreds digit of 5160625?
6
What is the tens digit of 32259521?
2
What is the millions digit of 8166836?
8
What is the tens digit of 20271364?
6
What is the millions digit of 2685177?
2
What is the millions digit of 1731062?
1
What is the hundred thousands digit of 207715?
2
What is the millions digit of 4791222?
4
What is the thousands digit of 395680?
5
What is the units digit of 16686151?
1
What is the units digit of 5413662?
2
What is the tens digit of 4571257?
5
What is the tens digit of 7579500?
0
What is the units digit of 1335693?
3
What is the units digit of 35324041?
1
What is the ten thousands digit of 2775333?
7
What is the millions digit of 12830034?
2
What is the hundred thousands digit of 12134821?
1
What is the thousands digit of 1109024?
9
What is the tens digit of 1594478?
7
What is the hundred thousands digit of 141994?
1
What is the thousands digit of 308163?
8
What is the hundreds digit of 332200?
2
What is the ten thousands digit of 62067?
6
What is the millions digit of 1736688?
1
What is the ten thousands digit of 1558637?
5
What is the ten thousands digit of 2613665?
1
What is the hundred thousands digit of 15013408?
0
What is the tens digit of 7259?
5
What is the tens digit of 43623?
2
What is the hundreds digit of 786875?
8
What is the hundreds digit of 1165041?
0
What is the millions digit of 8460583?
8
What is the thousands digit of 2028781?
8
What is the hundred thousands digit of 118133?
1
What is the units digit of 4842593?
3
What is the units digit of 3074695?
5
What is the hundred thousands digit of 3770067?
7
What is the ten thousands digit of 840783?
4
What is the ten thousands digit of 2998680?
9
What is the thousands digit of 3612804?
2
What is the millions digit of 4443874?
4
What is the hundreds digit of 5240779?
7
What is the units digit of 666223?
3
What is the hundreds digit of 27427336?
3
What is the tens digit of 7942990?
9
What is the hundreds digit of 233267?
2
What is the thousands digit of 301744?
1
What is the thousands digit of 644573?
4
What is the tens digit of 971087?
8
What is the hundred thousands digit of 20628662?
6
What is the units digit of 95141?
1
What is the units digit of 2446036?
6
What is the millions digit of 3000613?
3
What is the thousands digit of 38046?
8
What is the thousands digit of 905804?
5
What is the thousands digit of 321901?
1
What is the ten thousands digit of 17306398?
0
What is the ten thousands digit of 104792?
0
What is the hundreds digit of 127439?
4
What is the millions digit of 4210892?
4
What is the ten thousands digit of 544452?
4
What is the ten thousands digit of 605071?
0
What is the tens digit of 1283294?
9
What is the tens digit of 8518417?
1
What is the tens digit of 159586?
8
What is the millions digit of 4203998?
4
What is the tens digit of 270467?
6
What is the hundred thousands digit of 3043660?
0
What is the ten thousands digit of 45770?
4
What is the thousands digit of 480910?
0
What is the units digit of 56465?
5
What is the millions digit of 13691634?
3
What is the hundred thousands digit of 17023504?
0
What is the hundred thousands digit of 123841?
1
What is the thousands digit of 5541552?
1
What is the millions digit of 1499060?
1
What is the millions digit of 6135071?
6
What is the millions digit of 26840338?
6
What is the hundreds digit of 350995?
9
What is the hundred thousands digit of 15359375?
3
What is the tens digit of 478775?
7
What is the units digit of 380405?
5
What is the hundreds digit of 493333?
3
What is the ten thousands digit of 613872?
1
What is the units digit of 6334805?
5
What is the units digit of 13841962?
2
What is the ten thousands digit of 2431393?
3
What is the tens digit of 1978593?
9
What is the hundreds digit of 962098?
0
What is the thousands digit of 8460954?
0
What is the ten thousands digit of 61417?
6
What is the tens digit of 17555176?
7
What is the thousands digit of 12470470?
0
What is the thousands digit of 72291?
2
What is the thousands digit of 28187?
8
What is the ten thousands digit of 2376847?
7
What is the hundreds digit of 5784973?
9
What is the tens digit of 7478946?
4
What is the millions digit of 2782760?
2
What is the ten thousands digit of 1719078?
1
What is the hundred thousands digit of 1198257?
1
What is the hundreds digit of 631104?
1
What is the ten thousands digit of 3595747?
9
What is the hundreds digit of 1468437?
4
What is the hundred thousands digit of 660815?
6
What is the ten thousands digit of 430392?
3
What is the ten thousands digit of 407164?
0
What is the ten thousands digit of 129495?
2
What is the hundreds digit of 23565151?
1
What is the hundred thousands digit of 359607?
3
What is the hundred thousands digit of 3040872?
0
What is the hundreds digit of 235558?
5
What is the hundreds digit of 397148?
1
What is the millions digit of 1501745?
1
What is the ten thousands digit of 21382317?
8
What is the hundreds digit of 1531278?
2
What is the units digit of 169337?
7
What is the tens digit of 115857?
5
What is the ten millions digit of 13743276?
1
What is the tens digit of 20228048?
4
What is the thousands digit of 552141?
2
What is the hundred thousands digit of 304323?
3
What is the thousands digit of 138271?
8
What is the thousands digit of 47432?
7
What is the tens digit of 18632162?
6
What is the ten thousands digit of 1406870?
0
What is the thousands digit of 2307559?
7
What is the ten thousands digit of 687539?
8
What is the ten thousands digit of 304486?
0
What is the thousands digit of 87627?
7
What is